 = -129. Calculate the highest common factor of 12 and x.
6
Suppose 2*i - 2 = i. Suppose 0 = i*p + p - 99. Calculate the greatest common factor of 3 and p.
3
Let l be 108/14 + (-10)/(-35). What is the highest common divisor of l and 32?
8
Let n = 26 + -9. Let w(a) = a**3 - 4*a**2 + 5*a. Let b be w(6). What is the greatest common divisor of n and b?
17
Let x be (-2)/(-4) + 18/4. Suppose -s + 2*s = 22. Let f be -3 + 1 + 0 + s. Calculate the greatest common factor of f and x.
5
Suppose -2*w + 14 = 5*n - 11, -4*n + 4*w = -20. Suppose -14 = n*d + 1. Let f be -1 - d/((-6)/(-22)). What is the highest common divisor of f and 4?
2
Suppose 3*x + x - 460 = 0. What is the greatest common divisor of x and 46?
23
Let j(u) = -2*u - 5*u**2 - 3*u + 6*u**2 + 7. Let l be j(6). Calculate the highest common factor of l and 13.
13
Let u(c) = c**3 + 4*c**2 + 2*c + 3. Let s be u(-3). Calculate the greatest common factor of 12 and s.
6
Suppose 3*x = -x + 160. Let l(k) = k. Let b be l(5). Suppose 0*a + b*a - 20 = 0. What is the greatest common divisor of x and a?
4
Suppose -y - 4*i - 4 = 0, 3*y = -i - 2 + 1. Let c = 2 - y. What is the highest common divisor of c and 18?
2
Suppose 3*l = -3*s - 15, -14 = 2*l + 5*s + 11. Suppose l = 3*r - 22 - 113. What is the highest common factor of r and 5?
5
Let u = 13 + -12. What is the highest common factor of u and 5?
1
Let s = 3 + -3. Let c be 70/6 - (-4)/12. Suppose s*m = -m + c. Calculate the greatest common divisor of 48 and m.
12
Let c(g) = g**2 + 4*g - 4. Let k be c(4). What is the greatest common factor of 28 and k?
28
Let f = 10 + -7. Let i = f + -2. What is the highest common factor of 11 and i?
1
Let c be 62/4 + (-15)/(-10). Let o = c - 13. Calculate the greatest common factor of o and 28.
4
Suppose 50 = 3*y + 8. Calculate the highest common divisor of 28 and y.
14
Let g(z) = -z**3 + 17*z**2 + z - 11. Let f be g(17). Calculate the highest common factor of 16 and f.
2
Let k be 47 - 3 - (-1 + -2). Suppose 2*j = -5*p + 73, k = 3*j - 0*j - 5*p. What is the highest common divisor of j and 60?
12
Let l(b) = b**2 - b - 1. Let a(d) = 5*d**2 - 10*d - 3. Let p(o) = -a(o) + 4*l(o). Let x be p(4). Calculate the highest common factor of x and 49.
7
Suppose -r + 855 = 4*r. Let w(l) = -l**3 - 4*l**2 - 5*l - 1. Let i be w(-4). Calculate the greatest common divisor of r and i.
19
Suppose 5*h + 30 = 5*m, -6*m + m + 14 = 3*h. Let s be 12 + (h - 8/(-4)). Suppose 4*d + d = 60. What is the highest common divisor of d and s?
12
Suppose -g + 2 = -0*g. Let p(v) = v**3 - 3*v + 3. Let u be p(g). What is the highest common divisor of u and 25?
5
Let l be 18/(-15)*(-140)/8. What is the highest common divisor of l and 63?
21
Let d(j) = j**2 - 7*j + 9. Let k be d(6). Suppose 0 = -5*v, k*o + 4*v + 27 = 6*o. What is the greatest common divisor of o and 63?
9
Let k(o) = 186*o + 1. Let r be k(1). Let i(t) = t**3 + 3*t**2 - t - 1. Let w be i(2). What is the highest common divisor of r and w?
17
Suppose -36 = -n + 36. Calculate the highest common divisor of 8 and n.
8
Let k = 38 + -23. Suppose 5*z = 2*z + k. Suppose -8*j + 2*j + 90 = 0. What is the highest common factor of j and z?
5
Let a be (-156)/5*70/(-21). Let r = -4 - -7. Suppose -r*k - k = -a. Calculate the highest common factor of k and 13.
13
Let c(q) = -3 + 4*q + 4*q - 4*q + 2*q**2. Let z be c(-6). Suppose 4*s = -s + z. Calculate the greatest common divisor of s and 99.
9
Suppose -4*q + 2*n = -4 + 2, 4*q - 27 = -3*n. Let g = 29 + q. Calculate the highest common factor of g and 16.
16
Let t = 17 + 28. Let m = 9 - 0. Calculate the highest common factor of m and t.
9
Let g = -78 + 166. What is the highest common factor of g and 8?
8
Suppose 148 = 6*r - 104. Calculate the greatest common factor of r and 462.
42
Let l(r) = r**3 + 12*r**2 + 11*r + 3. Let b be l(-11). Let p be -13*4/(-1 - b). Calculate the greatest common divisor of p and 52.
13
Let z(o) = -o**3 + 8*o**2 + 8*o. Let y be z(8). What is the highest common factor of y and 4?
4
Suppose 1114 - 218 = 14*l. Calculate the greatest common divisor of l and 96.
32
Let m = -1 + 3. Suppose -p - 5*g - 15 = 28, -2*p + m*g = 62. Let y = p - -117. What is the greatest common factor of 12 and y?
12
Suppose 0 = -0*x - 4*x. Let i = 7 - x. Suppose -5*o = -0*o - q - 36, -2*q = -5*o + 37. What is the greatest common factor of o and i?
7
Let p be (-1 + 1 + 3)/3. Let c be -4*(2 - 4 - p). Calculate the highest common factor of 48 and c.
12
Let o(a) = -a**3 - 6*a**2 + 5. Let j be o(-6). Let d = j - -11. Calculate the highest common divisor of d and 176.
16
Let g = 420 + -252. What is the greatest common factor of g and 21?
21
Suppose -5*t - 525 = -3*c, -7*c + 2*c + 915 = 5*t. Let s be (-3)/9 - 61/(-3). What is the highest common divisor of s and c?
20
Let c(a) be the first derivative of 5*a**2 - 5*a - 6. Let r be c(4). Calculate the greatest common divisor of 7 and r.
7
Suppose 2*o - 90 = o. Let t = -7 - -14. Let d(q) = 6*q - 6. Let s be d(t). What is the highest common divisor of o and s?
18
Suppose -2*c + 39 = 7. Let k be 10*(-4)/(c/(-14)). What is the greatest common divisor of k and 5?
5
Suppose 0 = d - 2*v, 3*v = 4*d - 18 - 2. Calculate the highest common factor of d and 12.
4
Suppose 4 = 3*t - 2*q, -2*t = -5*q + 11 + 1. Suppose 7 = 2*w + 5*x - 0*x, -4*w = -t*x - 84. What is the greatest common divisor of w and 2?
2
Let k be (-1)/(-1) - (4 - 6). Suppose -k*z + 16 = z. What is the highest common factor of z and 6?
2
Let b = -3 + 8. Suppose -f = -4*k + 11, 0 = -5*k - b*f - 0*f - 5. Let t = 43 + -27. What is the highest common divisor of t and k?
2
Let n be (-2)/4 - 502/(-4). Calculate the highest common divisor of n and 25.
25
Suppose -3*w + 7*w = 0. Suppose s - 5*s + 160 = w. What is the greatest common factor of 8 and s?
8
Let t(m) = m + 1. Let i be t(7). Let o be (-1)/4 - (-962)/i. What is the highest common divisor of o and 30?
30
Let z be (-8)/6*9/(-6). Let o(q) = 3*q**2 - q - 1. Let l be o(z). Let r(y) = y**2 - 2*y + 3. Let v be r(-3). Calculate the greatest common factor of l and v.
9
Suppose o = 4*q - 362, -125 - 51 = -2*q - 2*o. What is the greatest common divisor of 45 and q?
45
Suppose 10 + 54 = p. Calculate the greatest common factor of p and 8.
8
Let k = -4 + 1. Let n be (k + 0)*(-91)/3. Calculate the greatest common divisor of 13 and n.
13
Let p = 145 + -55. Let v(i) = -i**2 + 6*i + 3. Let x be v(6). Suppose x*n - 72 = n. What is the greatest common divisor of n and p?
18
Let d(k) = 67*k**3 - k. Let h be d(1). Suppose 0 = i - 6*i + 3*l - 39, -4*l + 19 = -3*i. Let y = -3 - i. What is the greatest common factor of h and y?
6
Let h(q) = q**2 - 5*q + 30. Let a be h(8). Calculate the greatest common divisor of 81 and a.
27
Suppose 0 = -2*b + b. Suppose -4*f = -f - 63. Suppose -2*v - v + f = b. What is the highest common divisor of v and 70?
7
Suppose z + 102 = 2*i, -4*i = -4*z - 5*i - 444. Let a = 190 + z. What is the greatest common factor of a and 10?
10
Suppose 4*n + 3*o - 152 = o, 0 = -2*n - 3*o + 84. Let c = -95 + 149. Calculate the greatest common divisor of c and n.
18
Let f(c) = c**3 - 7*c**2 - 15*c - 3. Let t be f(9). Let o be (-18)/(-2)*(-176)/(-6). Calculate the highest common divisor of t and o.
24
Let v be 15/6*6/((-1)/(-1)). Calculate the highest common divisor of v and 165.
15
Let m = -26 - -23. Let j be (14/m)/(8/(-12)). What is the greatest common factor of j and 7?
7
Let l(d) = d**3 + 7*d**2 - 7*d + 11. Let m be l(-8). Suppose m*z = -0*z + 24. Calculate the highest common factor of 24 and z.
8
Let o(r) = -3*r. Let i be o(-3). Calculate the highest common factor of i and 63.
9
Let x be (-58)/(-18) - 4/18. Let q(g) = 1 - 4*g**2 + g**2 + 2*g**2 + 5*g. Let d be q(x). Calculate the highest common divisor of d and 7.
7
Let c be -2 + (-1)/(1/(-2)). Let y be ((-2)/4*c)/(-2). Suppose y = -5*f + 132 + 318. What is the highest common factor of 18 and f?
18
Suppose 4*h - 1259 = -203. What is the highest common divisor of h and 24?
24
Let v(k) = -2*k - 14. Let j be v(-10). Let q be -63 - (j/(-3) - -1). Let s = q - -88. Calculate the greatest common divisor of 39 and s.
13
Let p(c) = 3*c**2 + 3*c + 4. Let u(a) = a**2 + 6*a - 5. Let f be u(-6). Let l be p(f). Calculate the greatest common divisor of l and 8.
8
Suppose 5*y + 162 = 937. Calculate t